he prime factors of 351/156*f/6.
3, 7
Suppose -59*d = -37*d - 186978. List the prime factors of d.
3, 2833
Let q(w) = 24554*w - 1974. List the prime factors of q(1).
2, 5, 1129
Let h(r) = r**2 - 25. Let u be h(-5). Suppose -2*l + 3*a + 714 = u, -3*l + 3*a + 1078 = 4. What are the prime factors of l?
2, 3, 5
Let i(r) = -5*r - 71. Let w be i(-15). Suppose -b - 3*d = -8*d - 580, 4*b - 2392 = -w*d. List the prime factors of b.
5, 7, 17
Let n = -426 - -424. What are the prime factors of n + (-88)/(-56) + 6474/14?
2, 3, 7, 11
Let y be ((-16)/24 - -2)/((-2)/(-6)). Suppose 2*n - 2424 = -y*n. List the prime factors of n.
2, 101
Let g = 1822 + -1057. Suppose -2*y - 5*n = -g - 708, 0 = -3*y + n + 2252. List the prime factors of y.
7, 107
Let n be 23/(((-3)/2)/(-3)). Let f be (-495)/(-150) - (-2 - (-161)/70). Suppose f*l - n - 149 = 0. What are the prime factors of l?
5, 13
Let c(y) = y**3 + 64*y**2 + 159*y - 207. What are the prime factors of c(-56)?
13, 1229
Suppose 4*t - 24472 = -5*j, 0 = -2*j - 12*t + 11*t + 9787. What are the prime factors of j?
2, 1223
List the prime factors of 1077/(((-18)/(-1))/18).
3, 359
Suppose 358659 = 201*d - 138*d. What are the prime factors of d?
5693
Let f be -4 + 1 + (3 - -6). Suppose 2*t = f*t - 272. What are the prime factors of t?
2, 17
Suppose 270 = 5*n + 4*i, -n + 4*n + 5*i - 175 = 0. Suppose c = -n + 9. Let p = c - -64. List the prime factors of p.
23
Let l = -2128 + 5561. List the prime factors of l.
3433
Let k(n) = n**3 + 9*n**2 + 20*n + 15. Let w be k(-6). Suppose -3*q = -2*p + 920, -p + 1862 = w*p + 5*q. What are the prime factors of p?
463
Let i(f) = -224*f**3 - f**2 - 12*f + 1. List the prime factors of i(-3).
2, 7, 31
Let d = 44 + -14. Suppose -2*s = -4*l - 70, 5*l - 3 = s - 50. Suppose d*g = s*g + 222. List the prime factors of g.
2, 37
Let w be -76 + ((-9)/(-3))/1. Suppose 0 = 5*g - 20, -g - 75 = -4*c - 639. Let j = w - c. What are the prime factors of j?
67
Let m(w) = w**3 + 13*w**2 + 12*w - 6. Let z be m(-12). Let d be (-6)/(-8)*(378 - z). Suppose -8*o + d = -864. List the prime factors of o.
2, 3
Suppose -130459 - 29217 = -11*b. List the prime factors of b.
2, 19, 191
Let g(x) = -7*x + 45. Let n be g(7). List the prime factors of 10165/10 - ((-2)/n + -1).
3, 113
Let r be (4/(-6))/(2/(-6)) + 28. Let o = r - 35. What are the prime factors of ((-28)/(-10))/((-1)/o)?
2, 7
Let h(q) = 36*q + 203. What are the prime factors of h(19)?
887
Suppose 2*f = -s + 3430, 5*f = -s + 7*f + 3426. List the prime factors of s.
2, 857
Let m(h) be the first derivative of -16*h**2 - 406*h - 301. List the prime factors of m(-47).
2, 3, 61
Suppose 0 = 2*f - 10, 225 = -2*n - 0*n + 3*f. Let z be ((-1)/2)/(6 + n/18). List the prime factors of (z + (11 - 4))*(-118)/(-4).
2, 59
Let p = 175 + 127. Let w = p + -287. List the prime factors of w.
3, 5
Let f be 2*(-2)/14 + 13131/21. Suppose l = -0*l - 4*p + f, -4*l = -3*p - 2557. What are the prime factors of l?
7, 13
Suppose -2*t - 86 = -98, -2*j + 56508 = 5*t. List the prime factors of j.
3, 9413
Let m be (38 + -40)/(2/(-6)). List the prime factors of m/(-2)*798/(-18).
7, 19
Suppose -f = -4*l + 964, f = -5*l - 29 + 1225. Suppose -12*u - l = -2*u. Let z(n) = -5*n - 42. What are the prime factors of z(u)?
2, 3, 13
Suppose -6*m + 5*o = -2*m - 20, -3*m = -o - 15. Suppose m*n - 400 = -2*c, -626 = -3*c + 2*n - 3*n. What are the prime factors of c?
2, 3, 5, 7
Suppose -5*n - 89 = -139. Suppose 1260 = 5*u - 3*g + n, 500 = 2*u + 3*g. List the prime factors of u.
2, 5
Let g(s) = -s**3 - 4*s**2 + s + 6. Let c be g(-4). List the prime factors of 203 - c*-2*15/(-30).
3, 67
List the prime factors of 79935/(-10)*(61 + -69).
2, 3, 73
Let c(s) = -119*s - 300*s - 5 + 35*s. List the prime factors of c(-2).
7, 109
Suppose -14*z + 101 = -39. List the prime factors of (204/z)/((-132)/20 - -7).
3, 17
Let b = 52 - 46. Let h(s) = 6*s - 33. Let t be h(b). What are the prime factors of (t - 3 - 3) + 121?
2, 59
Let g = 38982 - 24276. List the prime factors of g.
2, 3, 19, 43
Suppose 4346 = 9*r + 791. Let c = -215 + r. List the prime factors of c.
2, 3, 5
Let c be (-6 - (-6 - 1))*0. Suppose 3*b = -5*j + 1742, c = -j + b + 2*b + 352. What are the prime factors of j?
349
Let f be 4/(-6)*3/(-2) + -481. Let v = -271 - f. List the prime factors of v.
11, 19
Let w(q) = -118*q + 26. Let f be w(8). Let z be 1/(-2) - (-2 + f/(-12)). What are the prime factors of (z/5)/(3/(-21))?
3, 5, 7
Suppose 4*d = 59 - 219. Let b = d - -46. Suppose 2259 = b*s + 885. List the prime factors of s.
229
Suppose -8*n - 5*n = -1274. Let a = n + 296. List the prime factors of a.
2, 197
Suppose -567*k - 761685 = -670*k. What are the prime factors of k?
3, 5, 17, 29
Suppose -139*k + 172*k = 596343. What are the prime factors of k?
17, 1063
Suppose 2*p - s = 7*p + 4, -8 = 3*p + 2*s. Suppose 5*d + 4*l - 264 = 0, p = 3*d + 2*l + l - 159. Let a = -20 + d. What are the prime factors of a?
2
Let d(v) = -11*v**2 + 7*v. Let l(y) = y**3 + 21*y**2 - 13*y. Let r(w) = 5*d(w) + 2*l(w). Let x be r(8). What are the prime factors of -4*(-4)/(-40) + x/10?
2, 13
What are the prime factors of 15/10*5449 + 48/(-32)?
2, 3, 227
Let p be 40655 - (6/(-6 + 12) - 4). Suppose 18*a + 11*a - p = 0. What are the prime factors of a?
2, 701
Suppose 5*d - t = 2*d + 735, -2*t - 490 = -2*d. Let u = d - -257. What are the prime factors of u?
2, 251
Suppose -5637 = -a - 5*m, -2*a = 2*m - 3335 - 7899. List the prime factors of a.
2, 23, 61
Let x(r) = 8*r**2 - 6*r + 23. Let s be x(-7). Let j = s - 109. List the prime factors of j.
2, 3, 29
Let i be (5/(-10))/(129/(-66) - -2). Let s(d) = -d**3 - 13*d**2 - 23*d - 16. Let u be s(i). Let z(j) = 4*j**2 - 11*j + 2. List the prime factors of z(u).
157
Let q(x) = 21*x**2 + 40*x - 671. List the prime factors of q(12).
2833
Let j = 4456 - -3069. List the prime factors of j.
5, 7, 43
Suppose l + 84 = 104. Suppose -551 = -9*o - l. Suppose -s - 21 = -o. List the prime factors of s.
2, 19
Let s(d) = 282*d + 105. What are the prime factors of s(29)?
3, 11, 251
Let f(t) be the second derivative of -t**4/12 + t**3/2 - 54*t**2 - 44*t. Let v be f(0). Let o = v + 247. What are the prime factors of o?
139
Let m = -223 - -230. Suppose 0 = -8*w + m*w + 235. What are the prime factors of w?
5, 47
Let l = -3344 + 6061. List the prime factors of l.
11, 13, 19
Let i(l) = -64*l**3 - 3*l**2 - 120*l - 642. List the prime factors of i(-6).
2, 3, 11, 19
Suppose 2370 = 5*r - 2*r. Let h = -476 + r. List the prime factors of h.
2, 157
Suppose -v - 11*v + 46117 + 508247 = 0. List the prime factors of v.
3, 29, 59
Suppose -2*h = c - 3376, -4*c = -305*h + 308*h - 13494. List the prime factors of c.
2, 3, 281
Suppose 0 = 2*j + 5*v - 120, 0*j - v = -5*j + 300. Let u = 333 + j. List the prime factors of u.
3, 131
Let l = -137 - -141. List the prime factors of (-5)/((-200)/(-1248))*(-30)/l.
2, 3, 13
Let i = -141 - 242. Let v = i + 670. List the prime factors of v.
7, 41
Let t(s) = 68*s**2 + s - 2. Let a(r) = -7*r + 14. Let x be a(4). Let p(g) = -g**3 - 13*g**2 + 14*g + 1. Let i be p(x). List the prime factors of t(i).
67
Suppose 0 = -41*m + 38*m + 1752. Suppose m = -q + 3*q. What are the prime factors of q?
2, 73
Let l(p) = -217*p + 1113. List the prime factors of l(-11).
2, 5, 7
Let j = -64 - -108. Let w = -42 + j. Suppose -t + 5*l = w*t - 181, 0 = 3*t + 2*l - 209. List the prime factors of t.
67
Let s(r) = -r**2 + r + 6. Let n be s(6). Let u be (-3440)/n + 8/(-6). Let p = u + 106. List the prime factors of p.
2, 31
Suppose y = 7 - 3. Suppose f - y*f + 930 = 0. What are the prime factors of f?
2, 5, 31
Let i be (129/(-172))/(-3*(-2)/(-16)). Suppose -5*b = 4*a - 5751, a + i*b - 911 = 526. What are the prime factors of a?
1439
Let l(b) be the first derivative of 2*b**3/3 + 2*b**2 - b + 1. Let x(r) = -r**3 + 4*r**2 + 13*r - 12. Let q be x(6). What are the prime factors of l(q)?
47
Suppose 0 = -5*s + 5*y - y + 23, 0 = -4*s - 4*y + 4. Let b be ((-1)/(6/(-108)))/(s/46). Suppose 7*d - 879 = b. What are the prime factors of d?
3, 5, 11
Let r be -22 + 2097 + -1 + -3. Suppose 42*x = 43*x - 4*j - 523, -5*j = 4*x - r. What are the prime factors of x?
3, 173
Let u be (-2950)/4*162/(-135). What are the prime factors of (2/(-10)*18)/((-6)/u)?
3, 59
Let i(b) = -4*b**3 - 17*b**2 - 2*b + 7.